{"id":354,"date":"2020-03-13T18:32:42","date_gmt":"2020-03-13T17:32:42","guid":{"rendered":"https:\/\/energie-reiki.fr\/?page_id=354"},"modified":"2021-04-15T12:47:46","modified_gmt":"2021-04-15T11:47:46","slug":"initiation-lahochi","status":"publish","type":"page","link":"https:\/\/energie-reiki.fr\/?page_id=354","title":{"rendered":"Initiation LaHoChi"},"content":{"rendered":"<h4>Initiations LaHoChi<\/h4>\n<p>&nbsp;<\/p>\n<p><strong>Vous d\u00e9sirez vous aussi \u00eatre initi\u00e9 au LaHoChi afin de pouvoir vous faire des auto-traitements et\/ou pouvoir soulager les maux de vos proches ?<\/strong><\/p>\n<p>Je propose \u00e0 compter de 2020 des journ\u00e9es d\u2019initiations, principalement en Normandie mais il est possible \u00e9galement de les organiser dans d\u2019autres r\u00e9gions de France ou en Belgique.<br \/>\n(conditions d\u2019organisation \u00e0 voir avec vous, n\u2019h\u00e9sitez pas \u00e0 me contacter par e-mail ou t\u00e9l\u00e9phone pour en discuter)<\/p>\n<p>Dans ces journ\u00e9es je vous enseignerai l\u2019historique de cette m\u00e9thode de soins \u00e9nerg\u00e9tique, ses diff\u00e9rentes applications (Humains, animaux, plantes et autres ), les protocoles de soin, la pri\u00e8re au Maitre LaHoChi et vous serez initi\u00e9s individuellement de fa\u00e7on \u00e0 pouvoir avoir votre autonomie et aider \u00e0 votre tour vos proches ou vous-m\u00eame !<br \/>\nA cette occasion un soin \u00e9nerg\u00e9tique est r\u00e9alis\u00e9 sur chaque participant.<\/p>\n<p>Cette formation dure 1 journ\u00e9e \u00e0 l\u2019issue de laquelle vous obtiendrez un dipl\u00f4me certifiant.<br \/>\nUn suivi de chaque praticien est assur\u00e9 ensuite. Je reste \u00e0 disposition.<\/p>\n<p>C&rsquo;est une formation ouverte \u00e0 tous ne n\u00e9cessitant aucun pr\u00e9requis, ce qui en fait un excellent outil pour d\u00e9buter en \u00e9nerg\u00e9tique.<\/p>\n<p>Vous retrouverez sur cette page les diff\u00e9rentes dates de formation pr\u00e9vues, n\u2019h\u00e9sitez donc pas \u00e0 venir la visiter r\u00e9guli\u00e8rement ou \u00e0 m\u2019envoyer un message pour en savoir plus.<\/p>\n<p>&nbsp;<\/p>\n<h4><strong>Tarifs initiation LaHoChi\u00a0:<\/strong><\/h4>\n<ul>\n<li>En pr\u00e9sentiel, groupe (selon la salle pr\u00e9vue ou mise \u00e0 disposition : 6 personnes maximum) : 150\u20ac<\/li>\n<li>En pr\u00e9sentiel, individuel : 220\u20ac<\/li>\n<li>En distanciel (groupe ou individuel) via la plateforme Zoom : 90 \u00e0 120\u20ac<\/li>\n<\/ul>\n<p>Ces tarifs comprennent le manuel, l&rsquo;initiation, l\u2019enseignement, un soin \u00e9nerg\u00e9tique et le suivi qui en d\u00e9coule.<\/p>\n<p>Les formations ne se font que sur r\u00e9servation, un acompte de 50\u20ac est alors demand\u00e9 pour les initiations en groupe, 70\u20ac pour les initiations individuelles.<\/p>\n<p>N\u2019h\u00e9sitez pas \u00e0 me contacter pour plus d\u2019informations \ud83d\ude0a<\/p>\n","protected":false},"excerpt":{"rendered":"<p>Initiations LaHoChi &nbsp; Vous d\u00e9sirez vous aussi \u00eatre initi\u00e9 au LaHoChi afin de pouvoir vous faire des auto-traitements et\/ou pouvoir soulager les maux de vos &hellip;<\/p>\n","protected":false},"author":1,"featured_media":0,"parent":0,"menu_order":0,"comment_status":"closed","ping_status":"closed","template":"","meta":{"jetpack_post_was_ever_published":false,"footnotes":""},"class_list":["post-354","page","type-page","status-publish","hentry"],"jetpack_sharing_enabled":true,"jetpack_shortlink":"https:\/\/wp.me\/PaJnAX-5I","_links":{"self":[{"href":"https:\/\/energie-reiki.fr\/index.php?rest_route=\/wp\/v2\/pages\/354","targetHints":{"allow":["GET"]}}],"collection":[{"href":"https:\/\/energie-reiki.fr\/index.php?rest_route=\/wp\/v2\/pages"}],"about":[{"href":"https:\/\/energie-reiki.fr\/index.php?rest_route=\/wp\/v2\/types\/page"}],"author":[{"embeddable":true,"href":"https:\/\/energie-reiki.fr\/index.php?rest_route=\/wp\/v2\/users\/1"}],"replies":[{"embeddable":true,"href":"https:\/\/energie-reiki.fr\/index.php?rest_route=%2Fwp%2Fv2%2Fcomments&post=354"}],"version-history":[{"count":15,"href":"https:\/\/energie-reiki.fr\/index.php?rest_route=\/wp\/v2\/pages\/354\/revisions"}],"predecessor-version":[{"id":431,"href":"https:\/\/energie-reiki.fr\/index.php?rest_route=\/wp\/v2\/pages\/354\/revisions\/431"}],"wp:attachment":[{"href":"https:\/\/energie-reiki.fr\/index.php?rest_route=%2Fwp%2Fv2%2Fmedia&parent=354"}],"curies":[{"name":"wp","href":"https:\/\/api.w.org\/{rel}","templated":true}]}}